6275)/(-17) - 6/51. Let h = -204 + m. Calculate the remainder when h is divided by 28.
25
Let p(f) = 2*f - 1. Let t be p(2). Suppose -t*n + 252 = -3*q, 330 = 4*n + q + 9. What is the remainder when n is divided by 28?
25
Suppose 0 = -17*o + 15*o + 182. Let l = o - 53. Calculate the remainder when l is divided by 13.
12
Let l = -741 + 829. What is the remainder when l is divided by 30?
28
Suppose 92*o - 89*o = -5*k + 20, 2*o = 3*k + 7. Calculate the remainder when 17 is divided by o.
2
Calculate the remainder when 24 is divided by (1 - -1)/2 + 3.
0
Suppose -5*k + 4*k = 2. Calculate the remainder when 18 is divided by ((-1)/2 - -1)*k + 4.
0
Suppose 27*y = 18*y + 9450. What is the remainder when y is divided by 22?
16
Suppose 4*i + o = i + 1, 0 = 5*i + o - 5. Suppose 6 - 24 = -i*w. What is the remainder when w is divided by 3?
0
Let w = -2 + 4. Suppose -3*d = w*d - 55. Let l(c) = 3*c + 44. What is the remainder when l(7) is divided by d?
10
Let q = 345 - 317. Calculate the remainder when q is divided by 8.
4
Let p = 9 + 6. Suppose -5*s + 55 = -b, -3*s + 18 = -3*b - p. Calculate the remainder when ((-21)/(-3) + -6)*21 is divided by s.
10
Suppose 0 = 102*h - 107*h + j + 413, 5*h - 409 = 3*j. Calculate the remainder when 413 is divided by h.
81
Calculate the remainder when 161*(649/(-77) - -9) is divided by 28.
8
Let f = 22 - 43. Let s = f + 42. Calculate the remainder when s is divided by 2/6 - 51/(-9).
3
Suppose k - 6*k + 134 = 3*h, -5*h = -2*k - 213. Calculate the remainder when h is divided by 15.
13
Let h be 1 + (1 - 3) + -17. Suppose 0 = -4*q - y + 148, 194 - 9 = 5*q - 3*y. What is the remainder when q is divided by ((-120)/h)/(2/3)?
7
Let b(l) = l**3 + 19*l**2 + 32*l - 16. Suppose 0 = 2*m + 9 + 29. Calculate the remainder when b(-17) is divided by (-4)/(-6) - m/3.
4
Let b = -29 - -31. Suppose 3*k - b*v - 51 = 2*v, 0 = -4*k + 3*v + 75. What is the remainder when k is divided by 8?
5
Suppose 0 = 15*c - 19*c + 32. Let n = -3 + 4. Calculate the remainder when (-11)/(n/(-2) - 0) is divided by c.
6
Let y(l) = 3*l**2 + 17*l + 55. Calculate the remainder when y(-4) is divided by 8.
3
Suppose -23*j = -26*j + 1137. Suppose 5*n = j - 124. What is the remainder when 303 is divided by n?
48
Suppose 5*h - 125 = 2*p + 306, -5*p = 3*h - 271. Suppose -5*v - 4*m = -115, 28 = 5*v + 5*m - h. What is the remainder when 6/3 + 123/6*2 is divided by v?
20
Let o(q) = -3*q + 3*q - 2*q + 1 + q**2 + 3*q. What is the remainder when ((-703)/38)/(0 - (-2)/(-4)) is divided by o(3)?
11
Let c = 57 - 178. Let w = c - -171. Calculate the remainder when 146 is divided by w.
46
Suppose 60 = -0*z + 4*z. Suppose 8 = 4*r + 4. Suppose -38 - r = -y. Calculate the remainder when y is divided by z.
9
Suppose 0 = -2*m + 3*m - 3, -4*i - 2*m + 34 = 0. Suppose -i*j = -3*j - 4. Calculate the remainder when 1 + 2 - (1 + 0) is divided by j.
0
Suppose -25*s + 6*s = -18430. Calculate the remainder when s is divided by 4.
2
Let y be (0 + (-54)/10)/(48/(-240)). Suppose 0 = -2*h + 5*h - y. What is the remainder when 1/(-2) + (-138)/(-4) is divided by h?
7
Suppose -65 = -3*v + 2*s, 2*v + 0*v + 2*s = 30. Suppose 79*g - 5144 - 2124 = 0. Calculate the remainder when g is divided by v.
16
Suppose -18*m + 7*m = -66. Suppose 7 + 13 = 4*r. What is the remainder when m is divided by r?
1
Suppose -5*b = -14 - 1. Suppose b*w + 0*w = t - 4, 5*t - 56 = 3*w. What is the remainder when 24 is divided by t?
11
Let c(z) = 12*z**2 + 9*z - 2. Let f(x) = -x**3 - x**2 - 1. Let a(n) = c(n) - f(n). What is the remainder when a(-12) is divided by 20?
15
Suppose -43 = 4*p - 115. What is the remainder when 22 is divided by p?
4
Let q(a) = a**3 + 6*a**2 + 7*a + 5. Let n be q(-5). Let h = n + 5. Suppose -l + 8 + 12 = h. What is the remainder when 38 is divided by l?
18
Let m = -594 + 644. Calculate the remainder when 198 is divided by m.
48
Let g be ((-20)/8 + 2)*-10. Suppose 2*d + 3*d = 2*c + 26, -d - 4 = -g*c. Calculate the remainder when d is divided by 2.
0
Suppose 10*z = 11*z - 30. Suppose -6*b = -0*b - z. What is the remainder when 7 is divided by b?
2
Suppose -q + 7*d = 12*d - 16, -5*d + 5 = 0. Calculate the remainder when 36 is divided by q.
3
Let t = -69 - -183. Calculate the remainder when t is divided by 7.
2
Let q(z) = z**3 - 6*z**2 - 153*z + 11. What is the remainder when q(16) is divided by 26?
19
Let a be (-88)/(-20) + (-2)/5. Suppose -f - 63 = -0*i - a*i, 3*i + 3*f - 36 = 0. Let q = i - -14. Calculate the remainder when 55 is divided by q.
26
Let d = 89 + -70. Let k = 1 - -34. Calculate the remainder when k is divided by d.
16
Let x = 24 - 28. Let s(p) = -p**3 - 3*p**2 + 3*p + 10. What is the remainder when 55 is divided by s(x)?
13
Let i(y) = 29*y**3 - 10*y**2 + 18*y - 1. What is the remainder when i(4) is divided by 118?
115
What is the remainder when 109 is divided by ((-5)/1)/(89/(-11) + 8)?
54
Suppose -y + 16 = -3*a - 0*a, 4*y = 4*a + 56. Suppose y*d - 17*d + 152 = 0. Calculate the remainder when 112 is divided by d.
36
Calculate the remainder when 68 + (-2)/(-3)*3 + 1 is divided by 12.
11
Let b = -35 + 23. Let a = -7 - b. Let p = 8 - a. Calculate the remainder when p is divided by 1.
0
Let k(g) = -g**2 - 7*g + 6. Let u be k(-6). Suppose -m - u = -42. Suppose -t + m = 4*t. Calculate the remainder when 15 is divided by t.
3
Let u be -8*(2*4/(-16) + 1). Calculate the remainder when 43 is divided by (-1)/(1/(-11)) - u.
13
Suppose -2*d + 359 = 3*j + 2*j, -2*d - 280 = -4*j. Let c = -48 + j. What is the remainder when c is divided by 12?
11
Let w(a) be the first derivative of 5*a**2 + 7 - 3 + 60*a - 57*a. What is the remainder when 36 is divided by w(1)?
10
Suppose -4*n - 5*z + 3 - 1 = 0, 4*z - 4 = -4*n. Let w(l) = -l**3 - 7*l**2 - l - 8. Let f be w(-7). What is the remainder when 43 is divided by (1 - -11) + n*f?
7
Suppose 3*f + 10 = 2*v, -4*v + 38 = -0*v + 3*f. Suppose 0 = 2*t - 28 - v. Let i = 24 - 17. What is the remainder when t is divided by i?
4
Let m(f) = 34*f**2 + 4. Let d be m(2). Suppose 5*o = o - 4*k + d, -70 = -2*o - 4*k. What is the remainder when o is divided by 13?
9
Let z = 874 - 845. What is the remainder when 101 is divided by z?
14
Calculate the remainder when 6/4*11/(55/270) is divided by 15.
6
Let p = 354 + -80. Suppose -3*b - 19 = -p. What is the remainder when b is divided by 22?
19
Suppose -41*c + 230 = -36*c. Calculate the remainder when 157 is divided by c.
19
Let j = -928 - -936. Let y = 68 - 6. Calculate the remainder when y is divided by j.
6
Let y = 3 - 3. Suppose y - 1 = -a. Suppose -422*l + 415*l = -14. Calculate the remainder when l is divided by a.
0
Let o = 1 - -5. Suppose 92 = o*p + 8. Calculate the remainder when p is divided by 4.
2
Let g = -43 - -77. What is the remainder when g is divided by 15 - (10 - (28 + -14))*(-9)/12?
10
Let t = 168 - 84. What is the remainder when t is divided by 22?
18
Suppose -5*d + u + 57 = 0, d = 4*d - 4*u - 24. Suppose 0 = 4*v + 4, h + 2*v - d = -2*v. Calculate the remainder when 30 is divided by h.
14
Suppose 0 = -7*z + 2*z - 10, 3*z = 5*w - 121. Let r(d) = d**3 - 23*d**2 + 14. What is the remainder when r(w) is divided by 3?
2
Let n = -244 + 571. What is the remainder when ((-8)/12*n)/(-2) is divided by 23?
17
Let k be (-48 - 2)*(1 + -2). Suppose 11*w = 13*w - k. What is the remainder when w is divided by 13?
12
Let x = 148 - -289. Calculate the remainder when x is divided by 55.
52
Suppose 0*m = -3*t + 4*m + 108, 3*t + m = 108. Calculate the remainder when 130 is divided by t.
22
Let u = 12 + -7. Suppose u*s - b - b - 31 = 0, s + 2*b + 1 = 0. What is the remainder when s is divided by 325/(-52) + 7 + (-9)/(-4)?
2
Suppose -142 = -5*d - 37. Let v(k) = 20*k**2 + k + 1. What is the remainder when v(-2) is divided by d?
16
Calculate the remainder when 358 is divided by (96 - 89)*(-2 - 69/(-21)).
7
Let c(q) = -15*q - 50. Calculate the remainder when c(-8) is divided by 23.
1
Suppose -4*q + 2 = -3*q. Suppose z = -5*m + 7 - 27, q*m + 8 = 2*z. Suppose n + z - 34 = 0. What is the remainder when n is divided by 18?
16
Let p = 424 + -221. Let x = p - 114. What is the remainder when x is divided by 23?
20
Let b = -12 - -20. Let q = -2605 - -2656. Calculate the remainder when q is divided by b.
3
Suppose -5*f = -4*l + 72, 3*f - 46 = -4*l + 26. Calcul